 f(4). Calculate k(r).
-5
Suppose 4*t + 17 = -3. Let o(n) = -2*n - 1. What is o(t)?
9
Let g(s) = -6*s**2 + 10*s + 1. Let q(o) = -2*o + 6. Let z be q(5). Let k(p) = -5*p**2 + 9*p. Let j(m) = z*g(m) + 5*k(m). Give j(5).
-4
Let s(l) = -l**2 + 7*l - 6. Let m(p) = 2*p**2 + 62*p - 353. Let w be m(5). What is s(w)?
-6
Let n(u) = 2*u - 7. Let s be n(5). Suppose -4*i + s*o = -6*i - 26, 2*i - o + 10 = 0. Let h(z) = z**3 + 7*z**2 + z + 4. Calculate h(i).
-3
Let t(m) = -25*m + 55. Let f(o) = -9*o + 19. Let g(y) = -11*f(y) + 4*t(y). What is g(4)?
7
Let d(x) be the third derivative of -1/10*x**5 + 0 - 2/3*x**3 + 3*x**2 + 1/8*x**4 + 9*x + 1/120*x**6. Calculate d(5).
-14
Let a(f) be the first derivative of -f**3/3 + 5*f**2/2 + 3*f + 1. Suppose -2*c - 9*p + 5*p = -12, 5*c - 2*p - 30 = 0. Determine a(c).
-3
Let g = -8 - -16. Let h(a) be the first derivative of a**4/4 - 7*a**3/3 - 7*a**2/2 + 10*a - 2342. Calculate h(g).
18
Let m(z) = 3*z**2 + 8. Let c(i) = -7*i**2 - 2*i - 17. Let o(l) = -2*c(l) - 5*m(l). What is o(4)?
-6
Let v = -21 + 23. Let f(j) = -j**v + 11*j - 14 + 6 + j - 2*j. Determine f(8).
8
Let h(n) be the second derivative of -1/2*n**4 + 0 + 1/20*n**5 + 5*n - 5*n**2 - n**3. What is h(7)?
-3
Let m(r) be the second derivative of -r**5/20 + 5*r**4/6 + 6*r**2 + 137*r. Calculate m(10).
12
Let x(o) be the third derivative of o**2 + 0 - 1/6*o**3 + 1/60*o**5 + 1/12*o**4 + 0*o. Suppose -3*d - y - 10 = 2*d, -y = -3*d - 14. What is x(d)?
2
Let a(x) = -19 + 10 - 7*x**2 + 11 - x**3 - 7*x. Let j(z) = -1 - z**2 + 7*z + 3 + 4 + 2*z**2. Let n be j(-4). Give a(n).
8
Suppose 4*s - 45 = -5*s. Let m(z) = -z**2 + 7*z - 12. Determine m(s).
-2
Suppose v = t + 3*v - 8, 5*t - 4*v + 2 = 0. Let r(f) = -4*f + 0*f + 2*f + 0*f**2 - t + f**2. Let c be (-20)/(-2)*2/5. Determine r(c).
6
Suppose -4*o = 5 - 13. Let s(f) = 2*f + 10*f**2 - 3 + f**2 - 16*f**2 + 6*f**2. What is s(o)?
5
Suppose 0*b + 3*b + 3*a = 3, b - 7 = a. Let p(g) = 6 + b*g + 3*g - 5*g - 3*g. Determine p(10).
-4
Let h = -297 + 294. Let k(r) = r**3 + 5*r**2 + r - 2. What is k(h)?
13
Suppose 4*k + 4*r = 8, 5*k - r - 24 = r. Let n(u) = -82*u**2 + 78*u**2 + u + u**3 + 0*u - 2. Calculate n(k).
2
Let o be -3 - 3*(-1 + -1). Let f(a) = a**3 - 4*a**2 - 3*a + 3. Calculate f(o).
-15
Let i(h) be the first derivative of -h**2/2 - 3*h + 1. Let f(y) = 5*y + 8. Let l be f(-3). What is i(l)?
4
Suppose 0 = 3*q - 2*u - 87, -11*q - 4*u - 58 = -13*q. Let n = 13 + -2. Suppose 0 = 4*f - 5*b - q, -f + n = -0*b - 2*b. Let k(r) = -r**3 + r - 1. What is k(f)?
-1
Let s(b) = -b**3 - 9*b**2 - 2*b - 13. Let r(t) = -2*t**3 + 11*t**2 - 2*t - 24. Let p be r(5). Give s(p).
5
Let s(i) be the second derivative of -1/6*i**3 + 0 + 2*i**2 - 3*i. Let y be s(-2). Let t(n) = -n**2 + 6*n + 2. Give t(y).
2
Let t(o) be the first derivative of o**4/4 + 8*o**3/3 + 3*o**2 - 4*o - 104. What is t(-7)?
3
Suppose -2*w + 3*w = 10. Let c = w - 11. Let m(v) be the second derivative of 5*v**4/6 + v**2/2 - v. Calculate m(c).
11
Let l(h) = 15*h**2 + 24*h**3 + 12*h**2 - 26*h**2. Give l(1).
25
Let x(l) = -2*l**2 + 28*l + 30. Let f be x(15). Let p(h) = -h**3 + h**2 - h + 10. Give p(f).
10
Let d(y) = 5*y**2 + 5*y - 4*y**2 - 13*y. Let k be 10 + 0 + (-4 - 0). Give d(k).
-12
Let o(k) = -14 + k - k + 14 + k. Determine o(4).
4
Let r(b) be the third derivative of -b**6/40 + b**4/24 - 19*b**3/3 - 25*b**2. Let u(s) be the first derivative of r(s). Calculate u(-1).
-8
Suppose -4*b + 28 = 8. Let j(d) = d**3 + d**2 + d - 1. Let p(l) = -6*l**3 + 2*l**2 - 13*l + 12. Let g(c) = b*j(c) + p(c). What is g(6)?
-5
Let g(d) = 146*d**2 - 2 + 4*d**3 - 66*d**2 - 79*d**2. Calculate g(1).
3
Let m(c) = -2*c**2 + 29*c + 42. Let l(u) = -u**2 + 13*u + 22. Let r(y) = 7*l(y) - 3*m(y). What is r(8)?
-4
Let i(l) be the third derivative of 0*l - 1/40*l**5 - 1/3*l**3 + 1/24*l**4 + 0 - 1/360*l**6 + 4*l**2. Let w(x) be the first derivative of i(x). What is w(-3)?
1
Suppose 3*s - s = 16. Let w be (-4)/12*(-3 - 42). Let y = w - s. Let g(k) = k - 10. What is g(y)?
-3
Let w(y) be the second derivative of 0*y**2 + 4*y - 7/6*y**3 + 7/24*y**4 + 1/120*y**5 + 0. Let b(l) be the second derivative of w(l). Determine b(0).
7
Suppose 0 = -2*f - 5*i - 24, -2*f - 2*i - 32 = 2*f. Let s(b) be the third derivative of -b**6/120 - 7*b**5/60 - b**4/24 - b**3 + 4192*b**2. Determine s(f).
1
Let j(b) = -7*b - 1. Let o be 6/(-51) - 166/34. Give j(o).
34
Let x(h) = h - 2. Let d(v) = -v**2 + 5*v + 28. Let c(a) = d(a) - 6*x(a). Give c(0).
40
Let k(v) be the third derivative of -v**4/24 - v**3/2 - 3*v**2. Suppose 0 = -2*n - 0*n + 3*r, -4*n = 5*r. Calculate k(n).
-3
Let y(v) = 10*v**2 + 8*v - 3. Let k(c) = 7*c**2 + 8*c - 3. Let g(s) = 4*k(s) - 3*y(s). What is g(4)?
-3
Let p(i) be the first derivative of i**2/2 + 24*i + 603. Determine p(0).
24
Let n = 37 + -32. Let b = -6 - -6. Let y(x) = -2*x**2 + b + 4*x + 4 + x**2 + x. Give y(n).
4
Let w = 4 + -2. Let q(c) = -c**2 - 5 + 8*c**3 + 4 + w. Determine q(-1).
-8
Let y be 18/(-81) + (-136)/36. Let l(z) = z**3 + 5*z**2 + z + 5. Determine l(y).
17
Let n(y) = -3*y - 1. Let z be n(-1). Let s(r) be the third derivative of 0 + 0*r - 1/8*r**4 - 25*r**2 - 1/6*r**3. Calculate s(z).
-7
Suppose 3*v - 1 = 5*a, 0 = 5*v - 3*a + 8*a - 15. Let x = -108 - -110. Let m(z) = -22 + 22 + 0*z + x*z**3 - v*z**2 - z. Determine m(2).
6
Suppose -3*i - 4*g - 172 = 0, 0 = 4*i + g - 2*g + 204. Let w = i + 38. Let z be 8/w + 28/49. Let o(n) = n**2 + n - 20. What is o(z)?
-20
Let c(s) = -2*s + 952 + 5*s - 937. What is c(-5)?
0
Let q(f) = -f**3 - 11*f**2 + 2*f + 15. Let m be 1*(-1 - 4 - 6)*1. Calculate q(m).
-7
Let h(i) = -i**3 + i**2 - i + 4. Let b(l) = -38*l + 152. Let d be b(4). Give h(d).
4
Suppose 0 = -4*n - p + 9 - 33, 3*p - 30 = 5*n. Let o = -1 - n. Let h(v) = -1 + o*v**3 + 2 - 2*v**2 + 0*v**2 + 3*v**3. What is h(1)?
7
Let b(w) = w**3 + w**2 + w - 35. Let a be (-26 + 26)/(2/(-4)*-2). What is b(a)?
-35
Let f(p) be the first derivative of -p**5/60 + p**4/24 - p**3/6 + 27*p**2/2 - 24. Let a(x) be the second derivative of f(x). Give a(-3).
-13
Let z(d) be the first derivative of d**2/2 + 10*d - 37. Suppose -5*n - 20 = 0, 4*n - 3 = 5*w + 11. Calculate z(w).
4
Let g(p) = 2*p**2 - 40*p - 52. Let i be g(21). Let q(y) = -y**2 - 10*y + 9. What is q(i)?
9
Let b(v) = -3 + v**3 + 2 - 42*v + 44*v + 5*v**3. Let l(g) = g**3 - g**2 + 2*g - 1. Let d be l(1). Let p = 2 - d. Calculate b(p).
7
Let g(u) = 345*u + 349*u - 691*u + u**2 - 3. What is g(-6)?
15
Let n(v) = 90*v - 4*v**3 + v**2 - 91*v + 1 + 16*v**3. Let q = 4 + 0. Suppose 2*f - 6*f = -q. Calculate n(f).
13
Let f(d) be the second derivative of -d**4/12 + d**3/2 - 2*d**2 + 2*d. Let g be 2/10 + (-4)/((-60)/57). Let y = 0 + g. Calculate f(y).
-8
Let t(n) = -n**3 - 9*n**2 - 19*n + 6. Let j be t(-6). Let q(a) = a**2 - 10*a - 9. Calculate q(j).
15
Let b(z) = z**3 - 5*z**2 + 2*z + 1. Suppose 10*u = 266 - 216. What is b(u)?
11
Suppose -6*k - 469 = -577. Let b(u) = -2*u**2 + 36*u - 10. What is b(k)?
-10
Suppose 0 = 5*c + 5*l + 30, -c - l - 26 = 2*c. Let y be c*(1/2 + 0). Let k(p) = -2 + 2 - 1 + p + 0. Give k(y).
-6
Let o be 0 + (-1 - -2 - 1). Let u = -371 - -373. Suppose 0 = u*y - z - 14 - 0, o = 5*y + z - 21. Let q(d) = -2*d - 5. What is q(y)?
-15
Let f(j) = 52*j**2 + 0 - 29*j**2 - 2 - 24*j**2 - 11*j. What is f(-8)?
22
Let l(s) = -2*s**2 + 12*s - 7. Suppose 15 = 3*w + 3*n, 3*w = -5*n - 0 + 13. Calculate l(w).
-7
Let f be 0 + (-2 + (3 - -1))*1. Let l(a) = 4*a**2 - 2. Determine l(f).
14
Let n(d) = -9 - 4*d**2 - d**2 + 6*d**2 - 7*d. Determine n(7).
-9
Let f(o) = o**3 - 6*o**2 - o + 4. Let y = -14 + 9. Let b be (-56)/(-21)*(y - 1). Let z = -10 - b. What is f(z)?
-2
Let n(l) = l**3 - 2*l**2 - 11*l - 4. Suppose -4*y = -2*k - 14, 7*y - 5*k + 40 = 12*y. What is n(y)?
16
Suppose n - 9*n = -72. Suppose -5*y = -6*y + 2*m - 7, -y - n = -4*m. Let j(z) = z - 4. Determine j(y).
-9
Let m(k) = -17*k**2 + 14*k - 29. Let z(x) = -13*x**2 + 13*x - 28. Let l(o) = -3*m(o) + 4*z(o). What is l(6)?
-1
Suppose 0 = -40*r + 41*r - 2. Let d(h) be the first derivative of h**3/3 + h**2/2 - h + 19. Give d(r).
5
Let k(s) = -s**3 - 4*s**2 + s + 5. Suppose 3*c = -2*u - 14, -10*u - 22 = -6*u + 3*c. Give k(u).
1
Suppose -2*m + 28 = 18. Let b(v) = -v**2 + 4*v - 7. Give b(m).
-12
Suppose 2*x + 0*j = -2*j + 28, 3*j + 3 = 0. Suppose 2*v 